w(r) be the first derivative of r**3/3 + 5*r**2/2 - 3*r + 11. Let v be w(-6). Suppose 4*s - 53 = 4*d - d, 30 = v*s + d. What is the units digit of s?
1
Let l be (-83 - (0 - 6)) + (1 - 1). Let i = l + 157. What is the tens digit of i?
8
Let s = -25 - -17. Let x(r) = 2*r**2 + 3*r - 12. What is the tens digit of x(s)?
9
Let s(r) = -r**3 - 2*r - 7*r**2 - 3*r**2 + 34 - 49. Let b be s(-10). Suppose b*j - 17 = -2. What is the units digit of j?
3
What is the hundreds digit of 36515/25 - 30/(-75)?
4
Suppose q + 8 = 3*q - 4*x, -3*x + 5 = 4*q. What is the units digit of ((-11)/q)/(4/(-80))?
0
Let k(g) = -73*g. Let b be k(2). Let s be b - (-1 + 3 + -4). Let x = -80 - s. What is the tens digit of x?
6
Let b = 1663 - 589. What is the units digit of b?
4
Let b = -457 + 934. What is the units digit of b?
7
Let u(l) = -l**2 - 12*l - 19. Let p(s) = -6*s - 9. Let i(v) = 13*p(v) - 6*u(v). What is the units digit of i(-2)?
3
Suppose 2*s = w - 3*s + 20, 2*w + s - 15 = 0. Suppose 50 = 2*f + 3*f - 5*j, -w*f - 3*j + 18 = 0. What is the units digit of f?
6
Let w = -73 - -128. Suppose -5*h - g = -275, w = h + g + g. What is the units digit of h?
5
Suppose g - 6*g - 7 = 2*p, g + 11 = -2*p. What is the tens digit of p/(-6)*(15 + 2)?
1
Suppose -3*p + 8 + 4 = 0. Suppose 0 = -p*k + 3*k. Suppose -5*b + b + 148 = k. What is the tens digit of b?
3
What is the units digit of ((-57)/15 + 4)*11795?
9
Let w(g) = -g**3 - 4*g**2 - 3*g - 5. Let n be w(-4). Let f be n - (4 + (-2)/2). Suppose -d + 26 = 3*o, o - 5 = -f*d - 0*d. What is the units digit of o?
9
Let w(h) = -h**3 - 18*h**2 + h + 66. What is the units digit of w(-20)?
6
Suppose 0 = 74*r - 75*r - 9. What is the hundreds digit of r/15*1 - (-683)/5?
1
Let y(o) = 2*o + 19. Let s(z) = z**3 - 13*z**2 + 12*z + 4. Let i be s(12). What is the tens digit of y(i)?
2
Let k(u) = -u + 3. Let j be k(3). Let o(r) = r**2 - 8*r + 6. Let s be o(11). What is the tens digit of (6 - j)/(s/338)?
5
Let y = -351 + 529. Let c = -43 + y. What is the units digit of c/6 - 3/6?
2
Let y(s) = -15*s - 47. Suppose -4*x - 5*d - 4 = 0, -5*d + 50 = -9*x + 4*x. What is the tens digit of y(x)?
4
Suppose -18*l + 113175 = 21573. What is the hundreds digit of l?
0
Suppose 4*f - 866 = 2*g, 2*g - 4 = 2. Suppose -251 - f = -7*v. What is the units digit of v?
7
Let c(h) = h**3 + 9*h**2 - h + 3. Let b be c(-8). Let f = 88 - b. What is the tens digit of f?
1
Let c(q) = q + 1. Let i be c(7). Suppose -i = -f - 1. Suppose -x + f + 11 = 0. What is the units digit of x?
8
Let j(u) = -6*u - 35. Let t(m) = -3*m - 17. Let h(r) = 3*j(r) - 7*t(r). What is the tens digit of h(6)?
3
Let v = -55 - -39. Let o(k) = -k**2 - 15*k - 2. Let s be o(v). What is the tens digit of -2 - (0 + -2) - s?
1
Let n = -3582 + 5139. What is the hundreds digit of n?
5
Let t(s) = s. Let o be t(5). What is the units digit of 384/10 + (-2)/o?
8
Let x(h) = -45*h**3 - 3*h**2 - h + 1. Let c be x(-1). Suppose b - 111 = -3*u, -b + 3*u + c + 67 = 0. What is the tens digit of b?
1
Suppose -3*o + 26 = 26. Suppose o = -9*a + 224 + 37. What is the units digit of a?
9
Let n(q) = -q**3 + 2*q**2 - 2*q + 3. Let y be n(2). What is the tens digit of 5/10*-106*(y + -1)?
0
Let o(i) = i**3 + 6*i**2 - 7*i + 3. Let k be o(-7). Suppose -5*s - 12 = k. Let m = 26 + s. What is the tens digit of m?
2
Suppose 26*p - 4228 = 19*p. What is the units digit of p?
4
Let l(q) = 3*q**2 + 4*q - 6. Let h be l(-3). Suppose h*j - 127 = 494. What is the units digit of j?
9
Let a = 6 + 5. Suppose -d - 4*o = 2*d + 19, 2*o = -3*d - a. Let q = 23 + d. What is the tens digit of q?
2
What is the hundreds digit of ((-2)/4)/((-4)/(7107 - 11))?
8
Let s be (-2 + -2 - -4)/2. Suppose s*y + 105 = 5*y. What is the tens digit of y?
2
Let q(k) = k**3 + 4*k**2 - 6. Let h(y) = y**3 + 6*y**2 + 3*y - 7. Let w be h(-5). Let n be q(w). Suppose -2*r = -3*r + n. What is the tens digit of r?
5
Suppose -74*z + 4*v = -77*z + 5412, 5*z + 3*v - 9020 = 0. What is the units digit of z?
4
Let m be 80/15 + 2/3 + 0. What is the units digit of 11/(m/2 + -2)*5?
5
Let n(h) = 2*h**2 + 2*h - 1. Let v be n(1). Suppose -q = v*u + 6, 2*u + 4*q - 5*q = -4. What is the units digit of (50 - u) + (1 - 1)?
2
Let m be 60/25*(-4 - 1). Let b(g) = g**2 + 12*g + 9. Let z be b(m). Suppose -h - z = -57. What is the tens digit of h?
4
Let c(z) = -z**3 - 17*z**2 - 18*z - 7. What is the tens digit of c(-16)?
2
Suppose 2 = s - 3*s. Let p(q) = 74*q**2 + 1. Let t be p(s). Suppose -5*k = -0*k - t. What is the tens digit of k?
1
Suppose 0 = -0*d - 3*d + 612. Let f = 290 - d. What is the units digit of f?
6
Let k(h) = 2*h - 1 + 2 + 3. Let o be k(3). Suppose -5*y + o = 0, q + 2*y - 20 = -3*q. What is the units digit of q?
4
Suppose -5*b = 4*a - 1048, 0*b + b + 5*a - 218 = 0. What is the tens digit of b?
0
Let r = 9153 + -5882. What is the units digit of r?
1
Let r = 1 + -5. Let x = r - -6. Suppose 5*s = 202 - x. What is the tens digit of s?
4
Let i = 2155 + -1313. What is the tens digit of i?
4
Let d(c) = -473*c + 2. Let y be d(-1). Suppose y = 4*k + u, 2 = -2*u - 0. What is the units digit of k?
9
Let n be (68/18 - 4) + 2297/9. Suppose -k = -z - n, 3*k - 4*z - 1113 = -349. What is the units digit of k?
6
Let n(s) = -s**2 + 4*s. Let a be n(4). Suppose a*w = 3*w + 27. What is the units digit of (-18)/21*(2 + w)?
6
Let k be (-1 - 2)*-6 - 2. Suppose 4*y + 0*y = k. Suppose 3 = 2*a - 5, -y*f - 2*a + 28 = 0. What is the units digit of f?
5
Let v(z) be the first derivative of -z**3/3 - 7*z**2/2 - 12*z - 6. Let r be v(-6). Let c(n) = -n**3 - 6*n**2 - 4*n + 2. What is the units digit of c(r)?
6
Let i = 10 - 11. What is the units digit of (-42)/i + 0/2?
2
Suppose -5*p - 3*r = -r - 146, -124 = -4*p - 4*r. Suppose 11 = -2*j - 15. Let v = j + p. What is the tens digit of v?
1
Suppose 3*x + i = 21, -17 + 2 = -4*x + 3*i. Suppose -x*q - 28 = -10*q. Suppose -4*p + q*p - 99 = 0. What is the units digit of p?
3
What is the hundreds digit of 16 + 0 + -8 - -189?
1
Let y(s) = 5*s + 3. Let k be y(4). Let a = k - 7. What is the units digit of a?
6
Let a = -1000 + 2504. What is the units digit of a?
4
Suppose -5*p + 0*p = 5*s - 7750, -6207 = -4*p + 3*s. What is the units digit of p?
1
Let n(o) = 4*o**2 - 16*o + 106. What is the hundreds digit of n(21)?
5
Suppose -1 - 17 = -6*o. Suppose o*v + 238 = 985. Suppose 2*s - 87 = 3*a, -4*s - 5*a - 86 = -v. What is the tens digit of s?
4
Suppose -5*d = -j - 22, j + 5*d - 23 = d. Suppose -j*o + o = -86. What is the units digit of o?
3
Let v(t) = t**3 - 2*t**2 + 2*t - 3. Let w be v(4). Let u = 78 - w. What is the units digit of u?
1
Let r = -137 - -241. Let c = -60 + r. What is the units digit of -1*3/((-6)/c)?
2
Let k(m) = -1 + 4*m + 2*m**2 - 2*m - 10*m**2. Let d be k(-2). Let j = d + 72. What is the tens digit of j?
3
Suppose -u - 16*u + 7072 = 0. What is the hundreds digit of u?
4
Suppose -2*j = -5*w - 941, -3*j + 4*w = -1095 - 306. What is the units digit of j?
3
Let y be (-2)/(-13) + (-36)/234. Suppose y = 6*g - 5*g - 11. What is the units digit of g?
1
Suppose -2*k = r + 3*k, 0 = 4*r - 3*k. Suppose -8*w + 1510 + 362 = r. What is the tens digit of w?
3
Let g(u) = -78*u - 180. What is the tens digit of g(-6)?
8
Let w(u) = u**3 + 16*u**2 + 19*u - 20. What is the tens digit of w(-13)?
4
Let y(q) = -291*q + 82. What is the hundreds digit of y(-8)?
4
Let i = -815 + 1802. What is the tens digit of i?
8
Suppose 2274 = -10*k + 15*k - 4*g, -3*g = 4*k - 1844. What is the tens digit of k?
5
Let i(v) = -v**2 + 30*v - 10. Let f(o) = -o**2 + 29*o - 9. Let j(c) = 7*f(c) - 6*i(c). What is the units digit of j(17)?
9
Suppose -24 + 87 = c. What is the units digit of c?
3
Let k(p) = -p**2 + 11*p + 6. Let j be k(11). Let u(s) = 2 + j*s + 1 + 3*s**2 - 3. What is the tens digit of u(-4)?
2
Suppose -5*i = -2*j - 250, -172 = -4*i - 3*j - j. Suppose -5*y + 188 = i. Suppose c + 2*c = -x + y, -4*x - 4*c = -120. What is the units digit of x?
1
Let u be 3/12 + 19/4. Suppose -u*v = -8*v + 72. What is the units digit of v?
4
Suppose -f + 2 = 2*l - l, -20 = -3*l + 4*f. Suppose -3*n = -3*u - 12, 7*u - 3*u + l*n = 0. Let x(g) = -10*g - 5. What is the units digit of x(u)?
5
Suppose -32 = -2*w - 2. Let a = 19 - w. Suppose -a*i = -273 + 81. What is the units digit of i?
8
What is the hundreds digit of (6/(-8))/((-60)/49440)